uppose -18*c - 29*c + 57481 = 0. List the prime factors of c.
1223
Suppose s - 10 = -4*s. Suppose s*l + 0*l = 6. Suppose 0 = -l*r + r + 40. What are the prime factors of r?
2, 5
Suppose -26*l + 22155 = -19*l. What are the prime factors of l?
3, 5, 211
Suppose 0 = 46*l - 50*l + 4. Let k(x) = 274*x - 3. List the prime factors of k(l).
271
Let b = 12 + -10. Suppose b = h - 1. Suppose -2*r + 3 = -h. What are the prime factors of r?
3
Suppose -3*q = 4*m - 83, 6*q = 4*q - m + 57. List the prime factors of q.
29
Let h(s) = 21*s. Suppose 0 = 5*d - 3 - 7. Let l = d - 1. List the prime factors of h(l).
3, 7
Suppose -3*k + 3*z + 7572 = 0, -6*z + 3*z + 12660 = 5*k. What are the prime factors of 1/((-3)/2) - k/(-27)?
3, 31
Let m = 0 - 3. Let f(k) be the first derivative of -5*k**2 + k - 5. What are the prime factors of f(m)?
31
Let m(k) = -k**3 + 10*k**2 - 10*k + 12. Let x be m(9). Suppose -x*q + 25 = v + 2*q, -v = -2*q + 3. Suppose v*j = 8*j - 54. What are the prime factors of j?
2, 3
Let i(c) = -8*c - 1. Let s = 76 + -78. What are the prime factors of i(s)?
3, 5
Suppose 3*m - 4848 = 16*j - 11*j, -4*m + 6435 = 3*j. List the prime factors of m.
3, 179
Suppose -f - f + 128 = 0. Suppose 0*z + 4*z = f. Let k = -12 + z. What are the prime factors of k?
2
Let y(s) = -s**2 - 10*s - 13. Let b be y(-9). Let q be b/10 - (-24)/10. Suppose q + 11 = c. What are the prime factors of c?
13
Let y(l) = -494*l - 1079. Let b(j) = -11*j - 24. Let m(i) = 91*b(i) - 2*y(i). List the prime factors of m(-8).
2, 3, 13
Suppose -f + 574 = 61. List the prime factors of f.
3, 19
Let d(z) = 122*z**2. Let b be d(1). What are the prime factors of 30/105 - b/(-14)?
3
Suppose 2*x = -3*k + 3*x + 1316, -5*x = -5*k + 2210. Suppose 4 = -4*y, 5*c - 350 = 2*y + k. List the prime factors of c.
157
Let r be (-1)/(-1) + -11 + -12. Suppose b - 5*b = 268. Let x = r - b. List the prime factors of x.
3, 5
Let f(r) = r**3 + 21*r**2 + r + 49. What are the prime factors of f(-20)?
3, 11, 13
Let n = -26 + 14. Let s be (n + 12)*(-2)/(-4). What are the prime factors of 1/((-2)/(-16) - s)?
2
Let p = -5 - -7. Let v be p/6 - 4/(-6). List the prime factors of 5*(2/v + 0).
2, 5
Suppose -3*m + 12436 = 2*q, 5*m = 62*q - 57*q + 20735. What are the prime factors of m?
2, 3, 691
Let i = 11 + -82. Let p = i + 38. Let n = p + 73. What are the prime factors of n?
2, 5
Suppose -5*f + 3668 + 977 = 0. List the prime factors of f.
929
Let m = -167 - -75. Let d = -58 - m. List the prime factors of d.
2, 17
List the prime factors of ((-1370)/(-40))/(1/36).
3, 137
Let c(x) = -x**3 - 5*x**2 + 7*x + 8. Suppose 2*w + 19 - 45 = 4*f, -2*f + 2*w = 14. Let k be c(f). Suppose -3 + 9 = k*b. List the prime factors of b.
3
Suppose -6*u + 14230 = 3328. List the prime factors of u.
23, 79
What are the prime factors of 40/24*(0 + 47205/25)?
3, 1049
Let n = 1 - -3. List the prime factors of (n/(-6))/(2/(-159)).
53
Let d(o) = -o**3 + 17*o**2 + 64*o + 31. List the prime factors of d(20).
3, 37
Suppose 3*o = -3*k + 1908, 666 = 2*k - 3*o - 631. What are the prime factors of k?
641
Let q(s) = -s**2 - s - 21. Let l be q(0). Let b be 2/(-7) + (-6)/l. Suppose 0*v - 2*v + 6 = -z, -2*z - 2*v + 12 = b. List the prime factors of z.
2
Let c(b) = -2*b - 56. Let o be c(-7). Let m = 95 + o. What are the prime factors of m?
53
Let h(l) = -l**3 + 10*l**2 - 4*l - 9. List the prime factors of h(8).
3, 29
Suppose 0 = -4*k + x - 7, -2*k + 4*k + 11 = -x. Let g(v) = 5*v**2 + 7*v - 1. List the prime factors of g(k).
23
Let g(j) = -2*j**3 + j**2 - 1. Let m be (-10)/14 + (-8)/28. Let v be g(m). Suppose 5*l - 57 = v*l. List the prime factors of l.
19
Let y(r) = -3*r**3 - 3*r**2 - 8*r - 3. What are the prime factors of y(-6)?
3, 5, 13
Let z(d) = 47*d - 12. Let r be z(8). Suppose r = 4*v - 0*v. List the prime factors of v.
7, 13
Let j(t) = -2*t**3 + 7*t**2 - t - 1. Let g be j(3). Suppose 9*s - g*s = 4*r + 660, 3*s = -2*r + 515. What are the prime factors of s?
13
Let a(k) = k**3 - 8*k**2 + 2*k - 7. Suppose 3*q = -i - 19, -5*i + 5*q + 4 = -1. Let c be (-17 - -1)*2/i. List the prime factors of a(c).
3
Let f(s) = 2*s**2 - 7*s. Let v be f(5). Let c be (-2)/3*v/10. Let t = 10 + c. What are the prime factors of t?
3
Suppose -29*a = -32*a + 660. What are the prime factors of a?
2, 5, 11
Suppose 5*q = -3*y + 1886, 4*q - y = -3*y + 1510. List the prime factors of q.
379
Suppose -4*v = -5*t - 23 + 4, -14 = 5*t + v. Let p(m) = -2 - 2*m + 3*m - 1 + 7*m**2. List the prime factors of p(t).
3, 19
Let n(o) = 5*o - 15. Let a be (3 + 20/(-16))/(1/12). What are the prime factors of n(a)?
2, 3, 5
Let j = -344 + 806. List the prime factors of j.
2, 3, 7, 11
Let b = 41 - 12. Let m = b - 15. What are the prime factors of m?
2, 7
Let h = -329 + 2094. List the prime factors of h.
5, 353
Suppose -2*x = -0*x + j - 57, 5*j = x - 12. List the prime factors of ((-18)/x)/((-1)/57).
2, 19
Let p(v) = 36*v - 526. List the prime factors of p(53).
2, 691
Let s = 21 + -21. Suppose 25 = 5*a + 5*p, 4*p + 5 = -s*a + a. What are the prime factors of a?
5
Suppose 18*g = 15*g + 15, -3128 = -4*j - 4*g. List the prime factors of j.
3, 7, 37
Let r(a) = -a**3 + 10*a**2 + 11*a + 2. Let w be r(11). Suppose -4 = w*x + 2. What are the prime factors of (-6)/x*(-26)/(-1)?
2, 13
Let i(r) = 3*r**2 - 4*r - 9 + 2*r - r**2 + 3. List the prime factors of i(-3).
2, 3
Let t be (-48 + -2)*8/(-16). Suppose 15 = -5*l + t. Suppose 0 = -2*d + 4*q + 66, -l*q + 123 = 6*d - 3*d. List the prime factors of d.
3, 13
Let y(t) = 250*t - 100. What are the prime factors of y(9)?
2, 5, 43
Suppose 1182 = -18*h + 12*h. Let r = -86 - h. List the prime factors of r.
3, 37
Let q = 2692 + -1283. List the prime factors of q.
1409
Let w(v) = -57*v + 36. List the prime factors of w(-6).
2, 3, 7
Suppose -5*o = -12*o - 28. Suppose -2 = f - 4*b, 2*f - 56 = -b - 3*b. Let j = o + f. What are the prime factors of j?
2, 7
Suppose 22*z - 38640 = -6*z. List the prime factors of z.
2, 3, 5, 23
Suppose 2*t - 19 = -3*n + 12, 2*n = 2. Let b be (3 - 7) + t + -1. Let j(q) = q**3 - 10*q**2 + 10*q + 13. What are the prime factors of j(b)?
2, 11
Let h = 1175 - 638. What are the prime factors of h?
3, 179
List the prime factors of (((-53919)/(-6))/(-9))/(1/(-2)).
1997
Let o(h) = -h**3 + 15*h**2 + 12*h + 37. What are the prime factors of o(-13)?
7, 659
Let d(y) be the first derivative of 6*y**2 - 2 + 2/3*y**3 + 10*y. List the prime factors of d(-8).
2, 3, 7
Let q(k) = -6*k - 13. Let l be q(-2). Let a(d) = 26*d**2 + d - 2. Let n(j) = -27*j**2 - j + 3. Let w(v) = 3*a(v) + 2*n(v). List the prime factors of w(l).
23
Suppose 0 = 4*r + 5*c - 53, -17 = -4*r + c + 6. Let d = 25 - r. What are the prime factors of d?
2, 3
Let s(n) = n**3 + n**2 - n - 10. Let p be s(0). Let m = 27 + p. Let o = m - 10. What are the prime factors of o?
7
Suppose 4*k = -2*k + 2298. Let j = k - 176. List the prime factors of j.
3, 23
Let v(o) = -66*o - 15. Let y be v(4). What are the prime factors of (-10)/15*y/2?
3, 31
Let k = 6 + 0. Suppose 0 = 2*d - k*d + 156. Suppose 4*c - d = 61. List the prime factors of c.
5
Let q(j) = j**3 + 7*j**2 + j - 4. Let m be q(-7). List the prime factors of (-1)/((-6)/(-8))*(m + -1).
2
Let b(n) = -n**3 - 3*n**2 + 4*n - 5. Let i be b(-4). Let u = -19 - i. Let t = -7 - u. List the prime factors of t.
7
Let w(c) = 56*c**2. Let s be 1 - ((-10)/(-4) + 1/(-2)). What are the prime factors of w(s)?
2, 7
Let i = 16 + -15. Let t be (i - -1)*(2 - -29). Let d = t + -43. List the prime factors of d.
19
Let l(g) = -192*g - 38. List the prime factors of l(-6).
2, 557
Let m = -753 + 1677. List the prime factors of m.
2, 3, 7, 11
Let g(a) be the third derivative of -a**6/30 - a**5/20 - a**4/12 - a**3/3 + 10*a**2. Let u be g(-2). Let d = -2 + u. List the prime factors of d.
2, 5
Let p(z) = -z**3 + 3*z - 11. What are the prime factors of p(-5)?
3, 11
Let v(u) = -2*u + 16. Let g be v(5). Suppose -c = -4*c + g, -t = c - 102. What are the prime factors of t?
2, 5
Suppose -5*t + 0*t + 10 = 0, -5*t = y - 22. Suppose -4*z = a - 6*z - y, -2*a + 30 = 2*z. List the prime factors of a.
2, 7
Let i(t) = 9*t**2 + 10*t. Let q(h) = -h**2. Let y(p) = i(p) + 4*q(p). What are the prime factors of y(-5)?
3, 5
Suppose -5*f = -31*f + 6604. What are the prime factors of f?
2, 127
Suppose 4*b - n + 7 = 22, b - 